 when 147 is divided by ((-92)/48*2)/((-9)/54).
9
Let n = 77 - 32. Suppose -27 = -4*j + n. Calculate the remainder when 66 is divided by j.
12
Suppose 3*z = z + 36. Let v be (-6)/(-4)*(-24)/(-9). Suppose w - v = 0, 2*p = -p - 4*w + 37. What is the remainder when z is divided by p?
4
Let q = 1910 - 1822. Let w = 109 - 78. What is the remainder when q is divided by w?
26
Let l = 2055 + -2033. Calculate the remainder when 41 - (-2 + (-1)/(-1)) is divided by l.
20
Suppose 9*f - 138 = 15. What is the remainder when 82 is divided by f?
14
Let g be 1 + (-340 - 2) - 1. Let h be 3*1 - g/(-9). Let v = -20 - h. What is the remainder when v is divided by 8?
7
Let v = 13 - 2. Suppose 7 + 441 = 14*j. Calculate the remainder when j is divided by v.
10
Let c = -82 + 79. What is the remainder when 19 is divided by c/(-4) - -1 - 9/12?
0
Let m = 84 + -56. Suppose 13*s = 24*s - 869. Calculate the remainder when s is divided by m.
23
Let y = -770 + 826. What is the remainder when 1063 is divided by y?
55
Suppose 228*s - 227*s - 74 = 0. Calculate the remainder when 367 is divided by s.
71
Suppose 3*y + 178 = 4*q, -y - 55 = -3*q + 81. Calculate the remainder when 412 is divided by q.
44
Let t(y) = 2*y**3 - 2*y**2 - 5*y + 4. Let v be t(5). Suppose 0 = 3*l - 4*g - v, 275 = 4*l + 5*g + 57. Calculate the remainder when l is divided by 20.
17
Suppose 104 + 174 = 5*i - 4*t, -5*i + 299 = 3*t. What is the remainder when i is divided by (-26)/(-4 - -2) + -1?
10
Suppose 13*p - 2*p - 1155 = 0. Suppose -5*a = 30 - p. Suppose -5*s + 25 = -5. What is the remainder when a is divided by s?
3
Suppose 5*w - p = 1389, -19*w + 18*w + 274 = -4*p. Calculate the remainder when w is divided by 36.
26
Suppose 46 = -m + 212. Suppose -75 - 139 = -4*u - 3*y, -3*u + m = 5*y. Calculate the remainder when u is divided by 18.
16
Suppose 0 = -2*j + 2*g + 458, 1089 = 5*j + 2*g - 91. What is the remainder when j is divided by 65?
39
Let b = 20 + 13. Suppose s - b = -4*s - f, 4*f = -3*s + 30. Calculate the remainder when s is divided by 1.
0
Suppose -5*b + 101 = -0*b - 3*o, 5*o + 29 = b. Calculate the remainder when 984 is divided by b.
15
Let g = 35 + -30. Suppose -258 = -g*d - 38. What is the remainder when d is divided by 12?
8
Let g(s) be the second derivative of s**5/20 + s**4/3 - 2*s**3/3 + 3*s**2/2 - 15*s. What is the remainder when g(-4) is divided by 13?
6
What is the remainder when 536 is divided by (-10)/12 - (-4972)/264?
14
Let z = 2 - 6. What is the remainder when 3/(-3 + 9)*10 is divided by (2 - 3)/(z/12)?
2
Let u(f) = 5*f + 4. Let n(y) be the second derivative of -y**3 - 3*y**2/2 - 4*y. Let p(r) = 2*n(r) + 3*u(r). Calculate the remainder when p(6) is divided by 9.
6
Let d be (1 - 2)*(-3 - (-2 + 2)). Suppose 0*n - d*n + 22 = 4*a, 3*a = -n + 19. What is the remainder when 21 is divided by a?
0
Let u = 102 + 688. Calculate the remainder when u is divided by 36.
34
Suppose -4*h + 44 = -0*h - 2*p, 5*p = -5*h + 25. Suppose 8*l - 3*l + 75 = 0. Calculate the remainder when 98/6 + (5/l)/1 is divided by h.
7
Suppose -29*n + 28*n - 5 = 4*w, -4*n = -3*w - 75. What is the remainder when 201 is divided by n?
6
Let a(x) = -x**2 - 15*x - 15. Let t = -2 - 11. Let i = t - -1. Calculate the remainder when a(i) is divided by 12.
9
Let j(q) = 4*q + 4. Let z(r) = r**3 + r - 7. What is the remainder when z(4) is divided by j(7)?
29
Suppose 13*o - 76 = 106. Calculate the remainder when 24 is divided by o.
10
Let z(g) = -2*g**3 - 4*g**2 - 2*g - 13. What is the remainder when 93 is divided by z(-4)?
34
Let m(r) = -3*r - 18. Let i be m(-7). Suppose 5*s = 3*l - 32, -i*s - 4 = l + 4. Calculate the remainder when 26 is divided by l.
2
Suppose z + 76 = 3*z. Let u(i) = -5*i - 15. Let b be u(-11). Suppose -f - b = -5*f. What is the remainder when z is divided by f?
8
Let v = 1010 + -862. Calculate the remainder when 441 is divided by v.
145
Let j = -408 + 538. Calculate the remainder when j is divided by 7.
4
Suppose 84*h = 103*h - 589. What is the remainder when 105 is divided by h?
12
Suppose -27*x + 24*x = -54. Calculate the remainder when 250 is divided by x.
16
Suppose 0*y + c - 955 = -3*y, 0 = -3*y + 4*c + 950. What is the remainder when y is divided by 29?
28
Suppose -1015 = -4*j - 3*j. What is the remainder when j is divided by 43?
16
Suppose 4*y + x - 130 = 0, -5*y - 44 = 2*x - 208. Calculate the remainder when 272 is divided by y.
16
Suppose o - 5*h = 136, -14*o + 17*o + h - 488 = 0. What is the remainder when o is divided by 82?
79
Suppose -382 = -4*g + 3*y, -3*g = -2*y - 2*y - 290. Let q = g - 51. Let d = 77 - q. What is the remainder when d is divided by 18?
16
Let o(p) = -p**3 + 8*p**2 + 9*p + 3. Let i be o(9). Suppose 5*v + 189 = 4*f + 2*v, -i = -3*v. Calculate the remainder when f is divided by 10.
8
Let j = 479 + -472. Calculate the remainder when 40 is divided by j.
5
Let p = 37 - 64. Let y = p - -35. What is the remainder when (2/(-4))/(3/(-180)) is divided by y?
6
Let m(g) = 3*g**3 + 20*g**2 + 5*g - 10. Let y(p) = -p**3 + p**2 - p. Let l(v) = m(v) + 4*y(v). What is the remainder when 83 is divided by l(24)?
13
Let m = -34 + 55. Suppose 0 = 6*x - 75 - m. Calculate the remainder when x is divided by 9.
7
Suppose 7*a - 3*a = -4*r + 244, 5*r = -a + 53. Calculate the remainder when 564 is divided by a.
60
Let h(n) = -12*n**2 + 4*n + 3. Let w be h(-2). Let u = -38 - w. What is the remainder when 1 - -2 - (-320)/8 is divided by u?
13
Let p(y) = y**2 - 23*y - 29. Let k(n) = -2*n**2 + 47*n + 59. Let s(g) = -2*k(g) - 5*p(g). Calculate the remainder when s(20) is divided by 10.
7
Let n(u) be the third derivative of u**6/120 - 13*u**5/60 + 13*u**4/24 + 40*u**2. What is the remainder when 46 is divided by n(12)?
10
Let o(v) = -v + 11. Let g(z) = 1. Let t(k) = 2*g(k) - o(k). Let q be t(11). Suppose -b - 14 = -q*b. Calculate the remainder when 26 is divided by b.
12
Let s(d) = d**2 + 4*d - 4. Let m(q) = 7*q + 1 + q**2 - 3*q + 4 - 3*q. Let y be m(0). What is the remainder when s(y) is divided by 11?
8
Suppose -223 = -4*n - v, 6 + 6 = 4*v. Calculate the remainder when n is divided by 28.
27
Let q be (-5 + 5)/(-1 + 0). Let p be 2/(-8)*q/12. Suppose r + 0*r - 5 = p. Calculate the remainder when 14 is divided by r.
4
Let k be 593/9 - 1/(-9). Let d = -8 + k. What is the remainder when d is divided by 10?
8
Let g be -2 - (-1 - 16/(-8 - -4)). Let x(r) = r**2 - 3*r - 28. What is the remainder when 2*-1 + 1 - -22 is divided by x(g)?
9
Suppose -3*y - 2*y + 40 = 0. Calculate the remainder when 15 - (0 - -1) - -8 is divided by y.
6
Let n = -123 + 60. Calculate the remainder when (-248)/(-14) - (-6)/21 is divided by (6/(-9))/(6/n).
4
Let j = 25 - 14. Suppose 0 = -2*k + 2*g + 24, -3*k + 14 = -4*g - 24. Calculate the remainder when j is divided by k.
1
Let s = 1497 - 1480. What is the remainder when 101 is divided by s?
16
Suppose 19*c - 29*c = -220. What is the remainder when -2 + (2 - (2 - 67)) is divided by c?
21
Suppose 2*t = 4*l - 96, -6*l + 2*l = 5*t - 110. Calculate the remainder when 15 is divided by (-2)/(-5) + 190/l.
7
Let u = -10206 + 10307. Let c(b) = 25*b + 1. What is the remainder when u is divided by c(1)?
23
Let u(k) = -20*k - 277. Let c = 7 - 4. Let n = c - 2. Calculate the remainder when u(-14) is divided by n.
0
Let c = -291 + 323. Calculate the remainder when c is divided by 11.
10
Suppose 0 = 5*r - 2*b + 38, 4 = -5*b + 6*b. Let z be (8/6)/(r/(-909)). Suppose -v = v - z. What is the remainder when v is divided by 26?
23
Let j = 420 - 407. What is the remainder when 764 is divided by j?
10
Let m(q) = -q**3 + q**2 + 4*q + 3. What is the remainder when ((-1)/3)/(((-154)/4494)/11) is divided by m(-3)?
26
Let u(k) = 10*k**3 + 119*k**2 - 13*k + 11. What is the remainder when 135 is divided by u(-12)?
20
Let h(t) = 24*t - 217. Let i = 47 + -33. Let z = i + -2. What is the remainder when h(11) is divided by z?
11
Let w(t) = 2*t**2 + 37*t + 241. Calculate the remainder when w(-6) is divided by 40.
11
Let o = -49 + 69. Suppose -444 = 47*f - 59*f. What is the remainder when f is divided by o?
17
Let d(g) be the second derivative of g**3/2 - 2*g**2 + 7*g. Let s be d(3). Let b = s - -51. Calculate the remainder when b is divided by 19.
18
Let v = -1293 + 2436. Calculate the remainder when v is divided by 13.
12
Let l 